CRAN Package Check Results for Package qdapTools

Last updated on 2022-01-26 10:54:27 CET.

Flavor Version Tinstall Tcheck Ttotal Status Flags
r-devel-linux-x86_64-debian-clang 1.3.5 4.16 57.79 61.95 NOTE
r-devel-linux-x86_64-debian-gcc 1.3.5 3.63 42.69 46.32 NOTE
r-devel-linux-x86_64-fedora-clang 1.3.5 72.94 NOTE
r-devel-linux-x86_64-fedora-gcc 1.3.5 61.58 NOTE
r-devel-windows-x86_64-new-UL 1.3.5 65.00 74.00 139.00 NOTE
r-devel-windows-x86_64-new-TK 1.3.5 NOTE
r-patched-linux-x86_64 1.3.5 4.56 52.98 57.54 NOTE
r-release-linux-x86_64 1.3.5 4.38 52.29 56.67 NOTE
r-release-macos-arm64 1.3.5 NOTE
r-release-macos-x86_64 1.3.5 NOTE
r-release-windows-ix86+x86_64 1.3.5 9.00 66.00 75.00 NOTE
r-oldrel-macos-x86_64 1.3.5 OK
r-oldrel-windows-ix86+x86_64 1.3.5 10.00 64.00 74.00 OK

Check Details

Version: 1.3.5
Check: LazyData
Result: NOTE
     'LazyData' is specified without a 'data' directory
Flavors: r-devel-linux-x86_64-debian-clang, r-devel-linux-x86_64-debian-gcc, r-devel-linux-x86_64-fedora-clang, r-devel-linux-x86_64-fedora-gcc, r-devel-windows-x86_64-new-UL, r-devel-windows-x86_64-new-TK, r-patched-linux-x86_64, r-release-linux-x86_64, r-release-macos-arm64, r-release-macos-x86_64, r-release-windows-ix86+x86_64