CRAN Package Check Results for Package pwrRasch

Last updated on 2022-11-28 09:50:53 CET.

Flavor Version Tinstall Tcheck Ttotal Status Flags
r-devel-linux-x86_64-debian-clang 0.1-2 2.26 26.89 29.15 NOTE
r-devel-linux-x86_64-debian-gcc 0.1-2 2.11 21.07 23.18 NOTE
r-devel-linux-x86_64-fedora-clang 0.1-2 48.28 NOTE
r-devel-linux-x86_64-fedora-gcc 0.1-2 46.66 NOTE
r-devel-windows-x86_64 0.1-2 17.00 56.00 73.00 NOTE
r-patched-linux-x86_64 0.1-2 3.33 25.52 28.85 OK
r-release-linux-x86_64 0.1-2 3.22 25.50 28.72 OK
r-release-macos-arm64 0.1-2 14.00 OK
r-release-macos-x86_64 0.1-2 22.00 OK
r-release-windows-x86_64 0.1-2 16.00 53.00 69.00 OK
r-oldrel-macos-arm64 0.1-2 18.00 OK
r-oldrel-macos-x86_64 0.1-2 28.00 OK
r-oldrel-windows-ix86+x86_64 0.1-2 6.00 50.00 56.00 OK

Check Details

Version: 0.1-2
Check: Rd files
Result: NOTE
    checkRd: (-1) aid_st2.Rd:6: Escaped LaTeX specials: \&
Flavors: r-devel-linux-x86_64-debian-clang, r-devel-linux-x86_64-debian-gcc, r-devel-linux-x86_64-fedora-clang, r-devel-linux-x86_64-fedora-gcc, r-devel-windows-x86_64