CRAN Package Check Results for Package pubchunks

Last updated on 2022-12-05 09:51:27 CET.

Flavor Version Tinstall Tcheck Ttotal Status Flags
r-devel-linux-x86_64-debian-clang 0.3.0 8.47 69.09 77.56 NOTE
r-devel-linux-x86_64-debian-gcc 0.3.0 5.71 50.75 56.46 NOTE
r-devel-linux-x86_64-fedora-clang 0.3.0 106.01 NOTE
r-devel-linux-x86_64-fedora-gcc 0.3.0 102.53 NOTE
r-devel-windows-x86_64 0.3.0 30.00 91.00 121.00 OK
r-patched-linux-x86_64 0.3.0 7.75 64.19 71.94 NOTE
r-release-linux-x86_64 0.3.0 7.28 65.14 72.42 NOTE
r-release-macos-arm64 0.3.0 29.00 OK
r-release-macos-x86_64 0.3.0 49.00 NOTE
r-release-windows-x86_64 0.3.0 31.00 93.00 124.00 OK
r-oldrel-macos-arm64 0.3.0 30.00 OK
r-oldrel-macos-x86_64 0.3.0 40.00 OK
r-oldrel-windows-ix86+x86_64 0.3.0 21.00 89.00 110.00 OK

Check Details

Version: 0.3.0
Check: package dependencies
Result: NOTE
    Package suggested but not available for checking: 'fulltext'
Flavors: r-devel-linux-x86_64-debian-clang, r-devel-linux-x86_64-debian-gcc, r-devel-linux-x86_64-fedora-clang, r-devel-linux-x86_64-fedora-gcc, r-patched-linux-x86_64, r-release-linux-x86_64, r-release-macos-x86_64