Last updated on 2023-05-30 11:00:21 CEST.
Flavor | Version | Tinstall | Tcheck | Ttotal | Status | Flags |
---|---|---|---|---|---|---|
r-devel-linux-x86_64-debian-clang | 1.1.3 | 4.47 | 366.16 | 370.63 | OK | |
r-devel-linux-x86_64-debian-gcc | 1.1.3 | 3.54 | 272.82 | 276.36 | OK | |
r-devel-linux-x86_64-fedora-clang | 1.1.3 | 448.03 | OK | |||
r-devel-linux-x86_64-fedora-gcc | 1.1.3 | 446.66 | OK | |||
r-devel-windows-x86_64 | 1.1.3 | 7.00 | 239.00 | 246.00 | OK | |
r-patched-linux-x86_64 | 1.1.3 | 4.07 | 350.37 | 354.44 | OK | |
r-release-linux-x86_64 | 1.1.3 | 4.44 | 352.98 | 357.42 | OK | |
r-release-macos-arm64 | 1.1.3 | 106.00 | OK | |||
r-release-macos-x86_64 | 1.1.3 | 233.00 | OK | |||
r-release-windows-x86_64 | 1.1.3 | 7.00 | 358.00 | 365.00 | OK | |
r-oldrel-macos-arm64 | 1.1.3 | 10.00 | ERROR | |||
r-oldrel-macos-x86_64 | 1.1.3 | 12.00 | ERROR | |||
r-oldrel-windows-x86_64 | 1.1.3 | 7.00 | 350.00 | 357.00 | OK |
Version: 1.1.3
Check: package dependencies
Result: ERROR
Package required but not available: ‘tweeDEseq’
See section ‘The DESCRIPTION file’ in the ‘Writing R Extensions’
manual.
Flavors: r-oldrel-macos-arm64, r-oldrel-macos-x86_64