CRAN Package Check Results for Package psychonetrics

Last updated on 2022-12-06 10:51:59 CET.

Flavor Version Tinstall Tcheck Ttotal Status Flags
r-devel-linux-x86_64-debian-clang 0.10 918.59 229.57 1148.16 NOTE
r-devel-linux-x86_64-debian-gcc 0.10 730.02 167.02 897.04 NOTE
r-devel-linux-x86_64-fedora-clang 0.10 1775.28 NOTE
r-devel-linux-x86_64-fedora-gcc 0.10 1632.51 NOTE
r-devel-windows-x86_64 0.10 818.00 279.00 1097.00 NOTE
r-patched-linux-x86_64 0.10 794.02 219.11 1013.13 OK
r-release-linux-x86_64 0.10 817.40 215.14 1032.54 OK
r-release-macos-arm64 0.10 335.00 NOTE
r-release-macos-x86_64 0.10 498.00 NOTE
r-release-windows-x86_64 0.10 903.00 273.00 1176.00 OK
r-oldrel-macos-arm64 0.10 322.00 NOTE
r-oldrel-macos-x86_64 0.10 435.00 NOTE
r-oldrel-windows-ix86+x86_64 0.10 2207.00 330.00 2537.00 NOTE

Check Details

Version: 0.10
Check: Rd files
Result: NOTE
    checkRd: (-1) esa.Rd:15: Escaped LaTeX specials: \&
    checkRd: (-1) meta_varcov.Rd:9: Escaped LaTeX specials: \&
    checkRd: (-1) meta_varcov.Rd:120: Escaped LaTeX specials: \&
Flavors: r-devel-linux-x86_64-debian-clang, r-devel-linux-x86_64-debian-gcc, r-devel-linux-x86_64-fedora-clang, r-devel-linux-x86_64-fedora-gcc, r-devel-windows-x86_64

Version: 0.10
Check: installed package size
Result: NOTE
     installed size is 29.7Mb
     sub-directories of 1Mb or more:
     libs 28.6Mb
Flavors: r-release-macos-arm64, r-release-macos-x86_64, r-oldrel-macos-arm64, r-oldrel-macos-x86_64, r-oldrel-windows-ix86+x86_64