CRAN Package Check Results for Package provSummarizeR

Last updated on 2022-12-09 10:00:30 CET.

Flavor Version Tinstall Tcheck Ttotal Status Flags
r-devel-linux-x86_64-debian-clang 1.5.1 2.90 28.24 31.14 NOTE
r-devel-linux-x86_64-debian-gcc 1.5.1 2.15 23.21 25.36 NOTE
r-devel-linux-x86_64-fedora-clang 1.5.1 50.48 NOTE
r-devel-linux-x86_64-fedora-gcc 1.5.1 59.18 NOTE
r-devel-windows-x86_64 1.5.1 23.00 60.00 83.00 NOTE
r-patched-linux-x86_64 1.5.1 2.68 25.98 28.66 NOTE
r-release-linux-x86_64 1.5.1 2.63 27.57 30.20 NOTE
r-release-macos-arm64 1.5.1 22.00 NOTE
r-release-macos-x86_64 1.5.1 23.00 NOTE
r-release-windows-x86_64 1.5.1 6.00 60.00 66.00 NOTE
r-oldrel-macos-arm64 1.5.1 24.00 NOTE
r-oldrel-macos-x86_64 1.5.1 33.00 NOTE
r-oldrel-windows-ix86+x86_64 1.5.1 7.00 52.00 59.00 NOTE

Check Details

Version: 1.5.1
Check: package dependencies
Result: NOTE
    Package suggested but not available for checking: 'rdt'
Flavors: r-devel-linux-x86_64-debian-clang, r-devel-linux-x86_64-debian-gcc, r-devel-linux-x86_64-fedora-clang, r-devel-linux-x86_64-fedora-gcc, r-devel-windows-x86_64, r-patched-linux-x86_64, r-release-linux-x86_64, r-release-macos-arm64, r-release-macos-x86_64, r-release-windows-x86_64, r-oldrel-macos-arm64, r-oldrel-macos-x86_64, r-oldrel-windows-ix86+x86_64