CRAN Package Check Results for Package prediction

Last updated on 2022-09-25 09:51:46 CEST.

Flavor Version Tinstall Tcheck Ttotal Status Flags
r-devel-linux-x86_64-debian-clang 0.3.14 6.08 58.37 64.45 NOTE
r-devel-linux-x86_64-debian-gcc 0.3.14 5.23 43.96 49.19 NOTE
r-devel-linux-x86_64-fedora-clang 0.3.14 91.25 NOTE
r-devel-linux-x86_64-fedora-gcc 0.3.14 118.64 NOTE
r-devel-windows-x86_64 0.3.14 56.00 82.00 138.00 OK
r-patched-linux-x86_64 0.3.14 4.65 53.77 58.42 NOTE
r-release-linux-x86_64 0.3.14 5.60 53.48 59.08 NOTE
r-release-macos-arm64 0.3.14 29.00 OK
r-release-macos-x86_64 0.3.14 50.00 NOTE
r-release-windows-x86_64 0.3.14 39.00 79.00 118.00 OK
r-oldrel-macos-arm64 0.3.14 36.00 OK
r-oldrel-macos-x86_64 0.3.14 68.00 OK
r-oldrel-windows-ix86+x86_64 0.3.14 12.00 71.00 83.00 OK

Check Details

Version: 0.3.14
Check: package dependencies
Result: NOTE
    Package which this enhances but not available for checking: 'ffbase'
Flavors: r-devel-linux-x86_64-debian-clang, r-devel-linux-x86_64-debian-gcc, r-devel-linux-x86_64-fedora-clang, r-devel-linux-x86_64-fedora-gcc, r-patched-linux-x86_64, r-release-linux-x86_64, r-release-macos-x86_64

Version: 0.3.14
Check: Rd cross-references
Result: NOTE
    Unknown package 'ffbase' in Rd xrefs
Flavors: r-devel-linux-x86_64-debian-clang, r-devel-linux-x86_64-debian-gcc, r-devel-linux-x86_64-fedora-clang, r-devel-linux-x86_64-fedora-gcc, r-patched-linux-x86_64, r-release-linux-x86_64, r-release-macos-x86_64