CRAN Package Check Results for Package portvine

Last updated on 2024-02-29 10:48:48 CET.

Flavor Version Tinstall Tcheck Ttotal Status Flags
r-devel-linux-x86_64-debian-clang 1.0.3 127.39 414.07 541.46 OK
r-devel-linux-x86_64-debian-gcc 1.0.3 116.27 308.35 424.62 OK
r-devel-linux-x86_64-fedora-clang 1.0.3 658.99 NOTE
r-devel-linux-x86_64-fedora-gcc 1.0.3 746.57 OK
r-devel-windows-x86_64 1.0.3 103.00 329.00 432.00 NOTE
r-patched-linux-x86_64 1.0.3 101.64 401.61 503.25 OK
r-release-linux-x86_64 1.0.3 100.07 401.54 501.61 OK
r-release-macos-arm64 1.0.3 195.00 NOTE
r-release-macos-x86_64 1.0.3 439.00 NOTE
r-release-windows-x86_64 1.0.3 129.00 409.00 538.00 NOTE
r-oldrel-macos-arm64 1.0.3 192.00 NOTE
r-oldrel-windows-x86_64 1.0.3 123.00 430.00 553.00 NOTE

Check Details

Version: 1.0.3
Check: installed package size
Result: NOTE installed size is 5.5Mb sub-directories of 1Mb or more: libs 4.4Mb Flavors: r-devel-linux-x86_64-fedora-clang, r-devel-windows-x86_64, r-release-macos-arm64, r-release-macos-x86_64, r-release-windows-x86_64, r-oldrel-macos-arm64, r-oldrel-windows-x86_64