Last updated on 2023-01-29 11:07:43 CET.
Flavor | Version | Tinstall | Tcheck | Ttotal | Status | Flags |
---|---|---|---|---|---|---|
r-devel-linux-x86_64-debian-clang | 0.0-4 | 10.96 | 96.69 | 107.65 | OK | |
r-devel-linux-x86_64-debian-gcc | 0.0-4 | 7.93 | 71.38 | 79.31 | OK | |
r-devel-linux-x86_64-fedora-clang | 0.0-4 | 129.41 | NOTE | |||
r-devel-linux-x86_64-fedora-gcc | 0.0-4 | 125.94 | NOTE | |||
r-devel-windows-x86_64 | 0.0-4 | 29.00 | 129.00 | 158.00 | OK | |
r-patched-linux-x86_64 | 0.0-4 | 8.97 | 95.92 | 104.89 | OK | |
r-release-linux-x86_64 | 0.0-4 | 8.49 | 95.15 | 103.64 | OK | |
r-release-macos-arm64 | 0.0-4 | 34.00 | NOTE | |||
r-release-macos-x86_64 | 0.0-4 | 61.00 | NOTE | |||
r-release-windows-x86_64 | 0.0-4 | 27.00 | 135.00 | 162.00 | OK | |
r-oldrel-macos-arm64 | 0.0-4 | 42.00 | NOTE | |||
r-oldrel-macos-x86_64 | 0.0-4 | 45.00 | NOTE | |||
r-oldrel-windows-ix86+x86_64 | 0.0-4 | 30.00 | 131.00 | 161.00 | OK |
Version: 0.0-4
Check: Rd cross-references
Result: NOTE
Undeclared package ‘ISOcodes’ in Rd xrefs
Flavor: r-devel-linux-x86_64-fedora-clang
Version: 0.0-4
Check: data for non-ASCII characters
Result: NOTE
Note: found 8 marked UTF-8 strings
Flavors: r-devel-linux-x86_64-fedora-clang, r-devel-linux-x86_64-fedora-gcc, r-release-macos-arm64, r-release-macos-x86_64, r-oldrel-macos-arm64, r-oldrel-macos-x86_64