CRAN Package Check Results for Package png

Last updated on 2022-10-07 10:53:15 CEST.

Flavor Version Tinstall Tcheck Ttotal Status Flags
r-devel-linux-x86_64-debian-clang 0.1-7 2.95 21.30 24.25 OK
r-devel-linux-x86_64-debian-gcc 0.1-7 1.80 16.45 18.25 NOTE
r-devel-linux-x86_64-fedora-clang 0.1-7 42.68 NOTE
r-devel-linux-x86_64-fedora-gcc 0.1-7 39.93 NOTE
r-devel-windows-x86_64 0.1-7 9.00 52.00 61.00 OK
r-patched-linux-x86_64 0.1-7 2.90 20.32 23.22 OK
r-release-linux-x86_64 0.1-7 2.55 20.03 22.58 OK
r-release-macos-arm64 0.1-7 14.00 OK
r-release-macos-x86_64 0.1-7 20.00 OK
r-release-windows-x86_64 0.1-7 9.00 46.00 55.00 OK
r-oldrel-macos-arm64 0.1-7 20.00 OK
r-oldrel-macos-x86_64 0.1-7 28.00 OK
r-oldrel-windows-ix86+x86_64 0.1-7 11.00 33.00 44.00 OK

Additional issues

rchk

Check Details

Version: 0.1-7
Check: compilation flags used
Result: NOTE
    Compilation used the following non-portable flag(s):
     ‘-Wstrict-prototypes’
Flavor: r-devel-linux-x86_64-debian-gcc

Version: 0.1-7
Check: compiled code
Result: NOTE
    File ‘png/libs/png.so’:
     Found no calls to: ‘R_registerRoutines’, ‘R_useDynamicSymbols’
    
    It is good practice to register native routines and to disable symbol
    search.
    
    See ‘Writing portable packages’ in the ‘Writing R Extensions’ manual.
Flavors: r-devel-linux-x86_64-fedora-clang, r-devel-linux-x86_64-fedora-gcc