CRAN Package Check Results for Package plumberDeploy

Last updated on 2022-11-27 09:53:36 CET.

Flavor Version Tinstall Tcheck Ttotal Status Flags
r-devel-linux-x86_64-debian-clang 0.2.1 2.54 23.30 25.84 NOTE
r-devel-linux-x86_64-debian-gcc 0.2.1 1.82 18.44 20.26 NOTE
r-devel-linux-x86_64-fedora-clang 0.2.1 42.89 NOTE
r-devel-linux-x86_64-fedora-gcc 0.2.1 41.11 NOTE
r-devel-windows-x86_64 0.2.1 24.00 50.00 74.00 NOTE
r-patched-linux-x86_64 0.2.1 2.20 22.17 24.37 NOTE
r-release-linux-x86_64 0.2.1 2.26 22.56 24.82 NOTE
r-release-macos-arm64 0.2.1 16.00 NOTE
r-release-macos-x86_64 0.2.1 19.00 NOTE
r-release-windows-x86_64 0.2.1 23.00 50.00 73.00 NOTE
r-oldrel-macos-arm64 0.2.1 19.00 NOTE
r-oldrel-macos-x86_64 0.2.1 26.00 NOTE
r-oldrel-windows-ix86+x86_64 0.2.1 6.00 45.00 51.00 NOTE

Check Details

Version: 0.2.1
Check: LazyData
Result: NOTE
     'LazyData' is specified without a 'data' directory
Flavors: r-devel-linux-x86_64-debian-clang, r-devel-linux-x86_64-debian-gcc, r-devel-linux-x86_64-fedora-clang, r-devel-linux-x86_64-fedora-gcc, r-devel-windows-x86_64, r-patched-linux-x86_64, r-release-linux-x86_64, r-release-macos-arm64, r-release-macos-x86_64, r-release-windows-x86_64, r-oldrel-macos-arm64, r-oldrel-macos-x86_64, r-oldrel-windows-ix86+x86_64

Version: 0.2.1
Check: dependencies in R code
Result: NOTE
    Namespace in Imports field not imported from: ‘ssh’
     All declared Imports should be used.
Flavors: r-devel-linux-x86_64-fedora-clang, r-devel-linux-x86_64-fedora-gcc, r-release-macos-arm64, r-release-macos-x86_64, r-oldrel-macos-arm64, r-oldrel-macos-x86_64