Last updated on 2023-02-02 10:00:01 CET.
Flavor | Version | Tinstall | Tcheck | Ttotal | Status | Flags |
---|---|---|---|---|---|---|
r-devel-linux-x86_64-debian-clang | 2.6-2 | 27.04 | 244.79 | 271.83 | OK | |
r-devel-linux-x86_64-debian-gcc | 2.6-2 | 18.22 | 176.06 | 194.28 | OK | |
r-devel-linux-x86_64-fedora-clang | 2.6-2 | 318.54 | NOTE | |||
r-devel-linux-x86_64-fedora-gcc | 2.6-2 | 316.23 | OK | |||
r-devel-windows-x86_64 | 2.6-2 | 139.00 | 308.00 | 447.00 | NOTE | |
r-patched-linux-x86_64 | 2.6-2 | 24.42 | 215.50 | 239.92 | OK | |
r-release-linux-x86_64 | 2.6-2 | 25.47 | 208.23 | 233.70 | OK | |
r-release-macos-arm64 | 2.6-2 | 65.00 | NOTE | |||
r-release-macos-x86_64 | 2.6-2 | 104.00 | NOTE | |||
r-release-windows-x86_64 | 2.6-2 | 112.00 | 275.00 | 387.00 | NOTE | |
r-oldrel-macos-arm64 | 2.6-2 | 72.00 | NOTE | |||
r-oldrel-macos-x86_64 | 2.6-2 | 110.00 | NOTE | |||
r-oldrel-windows-ix86+x86_64 | 2.6-2 | 45.00 | 250.00 | 295.00 | NOTE |
Version: 2.6-2
Check: installed package size
Result: NOTE
installed size is 5.6Mb
sub-directories of 1Mb or more:
tests 3.1Mb
Flavors: r-devel-linux-x86_64-fedora-clang, r-devel-windows-x86_64, r-release-macos-arm64, r-release-macos-x86_64, r-release-windows-x86_64, r-oldrel-macos-arm64, r-oldrel-macos-x86_64, r-oldrel-windows-ix86+x86_64