CRAN Package Check Results for Package pkgmaker

Last updated on 2022-10-01 10:52:00 CEST.

Flavor Version Tinstall Tcheck Ttotal Status Flags
r-devel-linux-x86_64-debian-clang 0.32.2 8.46 68.69 77.15 OK
r-devel-linux-x86_64-debian-gcc 0.32.2 8.99 50.78 59.77 ERROR
r-devel-linux-x86_64-fedora-clang 0.32.2 109.77 OK
r-devel-linux-x86_64-fedora-gcc 0.32.2 104.27 OK
r-devel-windows-x86_64 0.32.2 92.00 113.00 205.00 ERROR
r-patched-linux-x86_64 0.32.2 10.52 63.72 74.24 OK
r-release-linux-x86_64 0.32.2 10.85 63.90 74.75 OK
r-release-macos-arm64 0.32.2 32.00 NOTE
r-release-macos-x86_64 0.32.2 65.00 OK
r-release-windows-x86_64 0.32.2 102.00 112.00 214.00 OK
r-oldrel-macos-arm64 0.32.2 56.00 OK
r-oldrel-macos-x86_64 0.32.2 88.00 OK
r-oldrel-windows-ix86+x86_64 0.32.2 17.00 92.00 109.00 OK

Check Details

Version: 0.32.2
Check: examples
Result: ERROR
    Running examples in ‘pkgmaker-Ex.R’ failed
    The error most likely occurred in:
    
    > base::assign(".ptime", proc.time(), pos = "CheckExEnv")
    > ### Name: alphacol
    > ### Title: Colour utilities
    > ### Aliases: alphacol
    >
    > ### ** Examples
    >
    >
    > # Alphas
    > alphacol('red') # do nothing
    Error in apply(col, 2, function(x) paste("#", paste(x, collapse = ""), :
     dim(X) must have a positive length
    Calls: alphacol -> apply
    Execution halted
Flavor: r-devel-linux-x86_64-debian-gcc

Version: 0.32.2
Check: examples
Result: ERROR
    Running examples in 'pkgmaker-Ex.R' failed
    The error most likely occurred in:
    
    > ### Name: alphacol
    > ### Title: Colour utilities
    > ### Aliases: alphacol
    >
    > ### ** Examples
    >
    >
    > # Alphas
    > alphacol('red') # do nothing
    Error in apply(col, 2, function(x) paste("#", paste(x, collapse = ""), :
     dim(X) must have a positive length
    Calls: alphacol -> apply
    Execution halted
Flavor: r-devel-windows-x86_64

Version: 0.32.2
Check: package dependencies
Result: NOTE
    Package suggested but not available for checking: ‘Biobase’
Flavor: r-release-macos-arm64