CRAN Package Check Results for Package pkggraph

Last updated on 2022-11-28 09:50:52 CET.

Flavor Version Tinstall Tcheck Ttotal Status Flags
r-devel-linux-x86_64-debian-clang 0.2.3 14.53 174.38 188.91 NOTE
r-devel-linux-x86_64-debian-gcc 0.2.3 11.38 130.96 142.34 NOTE
r-devel-linux-x86_64-fedora-clang 0.2.3 236.87 NOTE
r-devel-linux-x86_64-fedora-gcc 0.2.3 228.53 NOTE
r-devel-windows-x86_64 0.2.3 29.00 204.00 233.00 NOTE
r-patched-linux-x86_64 0.2.3 11.24 160.47 171.71 OK
r-release-linux-x86_64 0.2.3 12.66 165.84 178.50 OK
r-release-macos-arm64 0.2.3 65.00 OK
r-release-macos-x86_64 0.2.3 125.00 OK
r-release-windows-x86_64 0.2.3 44.00 200.00 244.00 OK
r-oldrel-macos-arm64 0.2.3 92.00 OK
r-oldrel-macos-x86_64 0.2.3 110.00 OK
r-oldrel-windows-ix86+x86_64 0.2.3 32.00 189.00 221.00 OK

Check Details

Version: 0.2.3
Check: package subdirectories
Result: NOTE
    Problems with news in 'NEWS.md':
    No news entries found.
Flavors: r-devel-linux-x86_64-debian-clang, r-devel-linux-x86_64-debian-gcc, r-devel-linux-x86_64-fedora-clang, r-devel-linux-x86_64-fedora-gcc, r-devel-windows-x86_64