CRAN Package Check Results for Package piwikproR

Last updated on 2022-12-09 10:00:30 CET.

Flavor Version Tinstall Tcheck Ttotal Status Flags
r-devel-linux-x86_64-debian-clang 0.4.0 7.54 70.80 78.34 OK
r-devel-linux-x86_64-debian-gcc 0.4.0 5.32 53.26 58.58 OK
r-devel-linux-x86_64-fedora-clang 0.4.0 106.63 OK
r-devel-linux-x86_64-fedora-gcc 0.4.0 113.05 OK
r-devel-windows-x86_64 0.4.0 32.00 97.00 129.00 OK
r-patched-linux-x86_64 0.4.0 6.72 64.51 71.23 OK
r-release-linux-x86_64 0.4.0 6.14 64.52 70.66 OK
r-release-macos-arm64 0.4.0 32.00 OK
r-release-macos-x86_64 0.4.0 41.00 OK
r-release-windows-x86_64 0.4.0 11.00 102.00 113.00 OK
r-oldrel-macos-arm64 0.4.0 33.00 OK
r-oldrel-macos-x86_64 0.4.0 44.00 OK
r-oldrel-windows-ix86+x86_64 0.4.0 17.00 102.00 119.00 WARN

Check Details

Version: 0.4.0
Check: for unstated dependencies in ‘tests’
Result: WARN
    Warning: unable to access index for repository https://bioconductor.org/packages/3.14/bioc/src/contrib:
     cannot open URL 'https://bioconductor.org/packages/3.14/bioc/src/contrib/PACKAGES'
    Warning: unable to access index for repository https://bioconductor.org/packages/3.14/data/annotation/src/contrib:
     cannot open URL 'https://bioconductor.org/packages/3.14/data/annotation/src/contrib/PACKAGES'
    Warning: unable to access index for repository https://bioconductor.org/packages/3.14/data/experiment/src/contrib:
     cannot open URL 'https://bioconductor.org/packages/3.14/data/experiment/src/contrib/PACKAGES'
Flavor: r-oldrel-windows-ix86+x86_64