CRAN Package Check Results for Package pivottabler

Last updated on 2023-03-21 10:52:21 CET.

Flavor Version Tinstall Tcheck Ttotal Status Flags
r-devel-linux-x86_64-debian-clang 1.5.4 35.73 243.35 279.08 OK
r-devel-linux-x86_64-debian-gcc 1.5.4 30.94 181.51 212.45 OK
r-devel-linux-x86_64-fedora-clang 1.5.4 342.77 OK
r-devel-linux-x86_64-fedora-gcc 1.5.4 340.63 OK
r-patched-linux-x86_64 1.5.4 47.77 216.36 264.13 OK
r-release-linux-x86_64 1.5.4 33.16 220.92 254.08 OK
r-release-macos-arm64 1.5.4 95.00 NOTE
r-release-macos-x86_64 1.5.4 111.00 OK
r-release-windows-x86_64 1.5.4 113.00 261.00 374.00 OK
r-oldrel-macos-arm64 1.5.4 88.00 NOTE
r-oldrel-macos-x86_64 1.5.4 108.00 OK
r-oldrel-windows-ix86+x86_64 1.5.4 66.00 264.00 330.00 OK

Check Details

Version: 1.5.4
Check: installed package size
Result: NOTE
     installed size is 5.2Mb
     sub-directories of 1Mb or more:
     R 2.1Mb
     data 2.0Mb
Flavors: r-release-macos-arm64, r-oldrel-macos-arm64