Last updated on 2023-03-20 09:49:36 CET.
Flavor | Version | Tinstall | Tcheck | Ttotal | Status | Flags |
---|---|---|---|---|---|---|
r-devel-linux-x86_64-debian-clang | 1.8.2 | NOTE | ||||
r-devel-linux-x86_64-debian-gcc | 1.8.2 | 11.21 | 91.50 | 102.71 | NOTE | |
r-devel-linux-x86_64-fedora-clang | 1.8.2 | 168.07 | NOTE | |||
r-devel-linux-x86_64-fedora-gcc | 1.8.2 | 158.26 | NOTE | |||
r-patched-linux-x86_64 | 1.8.2 | 14.23 | 115.11 | 129.34 | NOTE | |
r-release-linux-x86_64 | 1.8.2 | 14.46 | 113.22 | 127.68 | NOTE | |
r-release-macos-arm64 | 1.8.2 | 45.00 | NOTE | |||
r-release-macos-x86_64 | 1.8.2 | 86.00 | NOTE | |||
r-release-windows-x86_64 | 1.8.2 | 26.00 | 142.00 | 168.00 | NOTE | |
r-oldrel-macos-arm64 | 1.8.2 | 52.00 | NOTE | |||
r-oldrel-macos-x86_64 | 1.8.2 | 86.00 | NOTE | |||
r-oldrel-windows-ix86+x86_64 | 1.8.2 | 30.00 | 137.00 | 167.00 | NOTE |
Version: 1.8.2
Check: package dependencies
Result: NOTE
Package suggested but not available for checking: ‘ggsubplot’
Flavors: r-devel-linux-x86_64-debian-clang, r-devel-linux-x86_64-debian-gcc, r-devel-linux-x86_64-fedora-clang, r-devel-linux-x86_64-fedora-gcc, r-patched-linux-x86_64, r-release-linux-x86_64, r-release-macos-arm64, r-release-macos-x86_64, r-release-windows-x86_64, r-oldrel-macos-arm64, r-oldrel-macos-x86_64, r-oldrel-windows-ix86+x86_64