CRAN Package Check Results for Package pinnacle.API

Last updated on 2023-02-05 09:57:26 CET.

Flavor Version Tinstall Tcheck Ttotal Status Flags
r-devel-linux-x86_64-debian-clang 2.3.3 5.44 44.92 50.36 NOTE
r-devel-linux-x86_64-debian-gcc 2.3.3 3.70 34.02 37.72 NOTE
r-devel-linux-x86_64-fedora-clang 2.3.3 60.38 NOTE
r-devel-linux-x86_64-fedora-gcc 2.3.3 62.12 NOTE
r-devel-windows-x86_64 2.3.3 45.00 81.00 126.00 NOTE
r-patched-linux-x86_64 2.3.3 5.23 40.90 46.13 NOTE
r-release-linux-x86_64 2.3.3 4.79 41.52 46.31 NOTE
r-release-macos-arm64 2.3.3 22.00 NOTE
r-release-macos-x86_64 2.3.3 29.00 NOTE
r-release-windows-x86_64 2.3.3 50.00 73.00 123.00 NOTE
r-oldrel-macos-arm64 2.3.3 26.00 NOTE
r-oldrel-macos-x86_64 2.3.3 36.00 NOTE
r-oldrel-windows-ix86+x86_64 2.3.3 12.00 67.00 79.00 NOTE

Additional issues

donttest

Check Details

Version: 2.3.3
Check: LazyData
Result: NOTE
     'LazyData' is specified without a 'data' directory
Flavors: r-devel-linux-x86_64-debian-clang, r-devel-linux-x86_64-debian-gcc, r-devel-linux-x86_64-fedora-clang, r-devel-linux-x86_64-fedora-gcc, r-devel-windows-x86_64, r-patched-linux-x86_64, r-release-linux-x86_64, r-release-macos-arm64, r-release-macos-x86_64, r-release-windows-x86_64, r-oldrel-macos-arm64, r-oldrel-macos-x86_64, r-oldrel-windows-ix86+x86_64