Last updated on 2023-05-28 10:00:51 CEST.
Flavor | Version | Tinstall | Tcheck | Ttotal | Status | Flags |
---|---|---|---|---|---|---|
r-devel-linux-x86_64-debian-clang | 1.13.1 | 28.22 | 181.54 | 209.76 | OK | |
r-devel-linux-x86_64-debian-gcc | 1.13.1 | 22.83 | 135.27 | 158.10 | OK | |
r-devel-linux-x86_64-fedora-clang | 1.13.1 | 270.95 | NOTE | |||
r-devel-linux-x86_64-fedora-gcc | 1.13.1 | 245.23 | NOTE | |||
r-devel-windows-x86_64 | 1.13.1 | 27.00 | 136.00 | 163.00 | OK | |
r-patched-linux-x86_64 | 1.13.1 | 31.94 | 172.09 | 204.03 | OK | |
r-release-linux-x86_64 | 1.13.1 | 27.19 | 172.88 | 200.07 | OK | |
r-release-macos-arm64 | 1.13.1 | 67.00 | OK | |||
r-release-macos-x86_64 | 1.13.1 | 116.00 | OK | |||
r-release-windows-x86_64 | 1.13.1 | 33.00 | 166.00 | 199.00 | OK | |
r-oldrel-macos-arm64 | 1.13.1 | 57.00 | OK | |||
r-oldrel-macos-x86_64 | 1.13.1 | 91.00 | OK | |||
r-oldrel-windows-x86_64 | 1.13.1 | 31.00 | 164.00 | 195.00 | OK |
Version: 1.13.1
Check: data for non-ASCII characters
Result: NOTE
Note: found 3 marked UTF-8 strings
Flavors: r-devel-linux-x86_64-fedora-clang, r-devel-linux-x86_64-fedora-gcc