Last updated on 2023-02-03 09:55:41 CET.
Flavor | Version | Tinstall | Tcheck | Ttotal | Status | Flags |
---|---|---|---|---|---|---|
r-devel-linux-x86_64-debian-clang | 2.6.2 | 8.26 | 74.21 | 82.47 | NOTE | |
r-devel-linux-x86_64-debian-gcc | 2.6.2 | 7.93 | 53.90 | 61.83 | NOTE | |
r-devel-linux-x86_64-fedora-clang | 2.6.2 | 100.96 | NOTE | |||
r-devel-linux-x86_64-fedora-gcc | 2.6.2 | 102.74 | NOTE | |||
r-devel-windows-x86_64 | 2.6.2 | 46.00 | 110.00 | 156.00 | NOTE | |
r-patched-linux-x86_64 | 2.6.2 | 9.38 | 66.87 | 76.25 | OK | |
r-release-linux-x86_64 | 2.6.2 | 9.28 | 69.35 | 78.63 | OK | |
r-release-macos-arm64 | 2.6.2 | 32.00 | OK | |||
r-release-macos-x86_64 | 2.6.2 | 46.00 | OK | |||
r-release-windows-x86_64 | 2.6.2 | 27.00 | 110.00 | 137.00 | OK | |
r-oldrel-macos-arm64 | 2.6.2 | 40.00 | OK | |||
r-oldrel-macos-x86_64 | 2.6.2 | 60.00 | OK | |||
r-oldrel-windows-ix86+x86_64 | 2.6.2 | 22.00 | 123.00 | 145.00 | OK |
Version: 2.6.2
Check: C++ specification
Result: NOTE
Specified C++11: please update to current default of C++17
Flavors: r-devel-linux-x86_64-debian-clang, r-devel-linux-x86_64-debian-gcc, r-devel-linux-x86_64-fedora-clang, r-devel-linux-x86_64-fedora-gcc, r-devel-windows-x86_64
Version: 2.6.2
Check: Rd cross-references
Result: NOTE
Undeclared packages ‘future’, ‘geiger’, ‘caper’ in Rd xrefs
Flavor: r-devel-linux-x86_64-fedora-clang