CRAN Package Check Results for Package phylogram

Last updated on 2021-12-09 09:55:44 CET.

Flavor Version Tinstall Tcheck Ttotal Status Flags
r-devel-linux-x86_64-debian-clang 2.1.0 3.71 50.59 54.30 NOTE
r-devel-linux-x86_64-debian-gcc 2.1.0 2.93 38.58 41.51 NOTE
r-devel-linux-x86_64-fedora-clang 2.1.0 66.28 NOTE
r-devel-linux-x86_64-fedora-gcc 2.1.0 55.33 NOTE
r-devel-windows-x86_64-new-UL 2.1.0 10.00 86.00 96.00 NOTE
r-devel-windows-x86_64-new-TK 2.1.0 NOTE
r-devel-windows-x86_64-old 2.1.0 7.00 53.00 60.00 NOTE
r-patched-linux-x86_64 2.1.0 3.88 47.39 51.27 NOTE
r-release-linux-x86_64 2.1.0 3.28 47.10 50.38 NOTE
r-release-macos-arm64 2.1.0 NOTE
r-release-macos-x86_64 2.1.0 NOTE
r-release-windows-ix86+x86_64 2.1.0 6.00 62.00 68.00 NOTE
r-oldrel-macos-x86_64 2.1.0 OK
r-oldrel-windows-ix86+x86_64 2.1.0 9.00 64.00 73.00 OK

Check Details

Version: 2.1.0
Check: LazyData
Result: NOTE
     'LazyData' is specified without a 'data' directory
Flavors: r-devel-linux-x86_64-debian-clang, r-devel-linux-x86_64-debian-gcc, r-devel-linux-x86_64-fedora-clang, r-devel-linux-x86_64-fedora-gcc, r-devel-windows-x86_64-new-UL, r-devel-windows-x86_64-new-TK, r-devel-windows-x86_64-old, r-patched-linux-x86_64, r-release-linux-x86_64, r-release-macos-arm64, r-release-macos-x86_64, r-release-windows-ix86+x86_64