CRAN Package Check Results for Package phase1PRMD

Last updated on 2022-12-07 10:50:06 CET.

Flavor Version Tinstall Tcheck Ttotal Status Flags
r-devel-linux-x86_64-debian-clang 1.0.2 10.24 77.69 87.93 OK
r-devel-linux-x86_64-debian-gcc 1.0.2 6.91 63.66 70.57 OK
r-devel-linux-x86_64-fedora-clang 1.0.2 130.02 NOTE
r-devel-linux-x86_64-fedora-gcc 1.0.2 123.83 OK
r-devel-windows-x86_64 1.0.2 14.00 115.00 129.00 OK
r-patched-linux-x86_64 1.0.2 9.13 76.72 85.85 OK
r-release-linux-x86_64 1.0.2 10.16 82.63 92.79 OK
r-release-macos-arm64 1.0.2 41.00 OK
r-release-macos-x86_64 1.0.2 49.00 OK
r-release-windows-x86_64 1.0.2 15.00 108.00 123.00 OK
r-oldrel-macos-arm64 1.0.2 35.00 OK
r-oldrel-macos-x86_64 1.0.2 56.00 OK
r-oldrel-windows-ix86+x86_64 1.0.2 25.00 114.00 139.00 OK

Check Details

Version: 1.0.2
Check: Rd cross-references
Result: NOTE
    Undeclared package ‘phase1RMD’ in Rd xrefs
Flavor: r-devel-linux-x86_64-fedora-clang