Last updated on 2023-03-25 09:51:34 CET.
Flavor | Version | Tinstall | Tcheck | Ttotal | Status | Flags |
---|---|---|---|---|---|---|
r-devel-linux-x86_64-debian-clang | 1.0.0 | 36.15 | 100.36 | 136.51 | NOTE | |
r-devel-linux-x86_64-debian-gcc | 1.0.0 | 28.37 | 81.85 | 110.22 | NOTE | |
r-devel-linux-x86_64-fedora-clang | 1.0.0 | 187.87 | NOTE | |||
r-devel-linux-x86_64-fedora-gcc | 1.0.0 | 190.64 | NOTE | |||
r-patched-linux-x86_64 | 1.0.0 | 31.10 | 107.22 | 138.32 | OK | |
r-release-linux-x86_64 | 1.0.0 | 26.26 | 101.85 | 128.11 | OK | |
r-release-macos-arm64 | 1.0.0 | 50.00 | OK | |||
r-release-macos-x86_64 | 1.0.0 | 78.00 | OK | |||
r-release-windows-x86_64 | 1.0.0 | 41.00 | 161.00 | 202.00 | OK | |
r-oldrel-macos-arm64 | 1.0.0 | 64.00 | OK | |||
r-oldrel-macos-x86_64 | 1.0.0 | 91.00 | OK | |||
r-oldrel-windows-ix86+x86_64 | 1.0.0 | 90.00 | 196.00 | 286.00 | OK |
Version: 1.0.0
Check: C++ specification
Result: NOTE
Specified C++11: please drop specification unless essential
Flavors: r-devel-linux-x86_64-debian-clang, r-devel-linux-x86_64-debian-gcc, r-devel-linux-x86_64-fedora-clang, r-devel-linux-x86_64-fedora-gcc