CRAN Package Check Results for Package pestr

Last updated on 2022-12-09 10:00:29 CET.

Flavor Version Tinstall Tcheck Ttotal Status Flags
r-devel-linux-x86_64-debian-clang 0.8.2 4.32 59.23 63.55 NOTE
r-devel-linux-x86_64-debian-gcc 0.8.2 2.59 46.11 48.70 NOTE
r-devel-linux-x86_64-fedora-clang 0.8.2 91.07 NOTE
r-devel-linux-x86_64-fedora-gcc 0.8.2 96.35 NOTE
r-devel-windows-x86_64 0.8.2 29.00 90.00 119.00 NOTE
r-patched-linux-x86_64 0.8.2 3.27 57.13 60.40 NOTE
r-release-linux-x86_64 0.8.2 3.98 55.18 59.16 NOTE
r-release-macos-arm64 0.8.2 23.00 NOTE
r-release-macos-x86_64 0.8.2 41.00 NOTE
r-release-windows-x86_64 0.8.2 25.00 91.00 116.00 NOTE
r-oldrel-macos-arm64 0.8.2 22.00 NOTE
r-oldrel-macos-x86_64 0.8.2 40.00 NOTE
r-oldrel-windows-ix86+x86_64 0.8.2 9.00 88.00 97.00 NOTE

Check Details

Version: 0.8.2
Check: package subdirectories
Result: NOTE
    Problems with news in 'NEWS.md':
     Cannot extract version info from the following section titles:
     Fixed issues
Flavors: r-devel-linux-x86_64-debian-clang, r-devel-linux-x86_64-debian-gcc, r-devel-linux-x86_64-fedora-clang, r-devel-linux-x86_64-fedora-gcc, r-devel-windows-x86_64

Version: 0.8.2
Check: LazyData
Result: NOTE
     'LazyData' is specified without a 'data' directory
Flavors: r-devel-linux-x86_64-debian-clang, r-devel-linux-x86_64-debian-gcc, r-devel-linux-x86_64-fedora-clang, r-devel-linux-x86_64-fedora-gcc, r-devel-windows-x86_64, r-patched-linux-x86_64, r-release-linux-x86_64, r-release-macos-arm64, r-release-macos-x86_64, r-release-windows-x86_64, r-oldrel-macos-arm64, r-oldrel-macos-x86_64, r-oldrel-windows-ix86+x86_64