CRAN Package Check Results for Package personalized

Last updated on 2023-03-30 09:55:18 CEST.

Flavor Version Tinstall Tcheck Ttotal Status Flags
r-devel-linux-x86_64-debian-clang 0.2.7 23.36 492.05 515.41 OK
r-devel-linux-x86_64-debian-gcc 0.2.7 19.11 368.49 387.60 OK
r-devel-linux-x86_64-fedora-clang 0.2.7 620.66 OK
r-devel-linux-x86_64-fedora-gcc 0.2.7 614.73 OK
r-devel-windows-x86_64 0.2.7 89.00 0.00 89.00 OK --no-examples --no-tests --no-vignettes
r-patched-linux-x86_64 0.2.7 21.15 473.41 494.56 OK
r-release-linux-x86_64 0.2.7 18.63 480.05 498.68 OK
r-release-macos-arm64 0.2.7 193.00 OK
r-release-macos-x86_64 0.2.7 226.00 OK
r-release-windows-x86_64 0.2.7 63.00 112.00 175.00 OK --no-examples --no-tests --no-vignettes
r-oldrel-macos-arm64 0.2.7 187.00 WARN
r-oldrel-macos-x86_64 0.2.7 231.00 WARN
r-oldrel-windows-ix86+x86_64 0.2.7 46.00 127.00 173.00 WARN --no-examples --no-tests --no-vignettes

Check Details

Version: 0.2.7
Check: whether package can be installed
Result: WARN
    Found the following significant warnings:
     Note: possible error in 'simplify2array(msg, except = 0L)': unused argument (except = 0)
    See ‘/Volumes/Builds/packages/big-sur-arm64/results/4.1/personalized.Rcheck/00install.out’ for details.
    Information on the location(s) of code generating the ‘Note’s can be
    obtained by re-running with environment variable R_KEEP_PKG_SOURCE set
    to ‘yes’.
Flavor: r-oldrel-macos-arm64

Version: 0.2.7
Check: R code for possible problems
Result: NOTE
    xgb_cv_personalized: possible error in simplify2array(msg, except =
     0L): unused argument (except = 0)
Flavors: r-oldrel-macos-arm64, r-oldrel-macos-x86_64

Version: 0.2.7
Check: whether package can be installed
Result: WARN
    Found the following significant warnings:
     Note: possible error in 'simplify2array(msg, except = 0L)': unused argument (except = 0)
    See ‘/Volumes/Builds/packages/high-sierra-x86_64/results/4.1/personalized.Rcheck/00install.out’ for details.
    Information on the location(s) of code generating the ‘Note’s can be
    obtained by re-running with environment variable R_KEEP_PKG_SOURCE set
    to ‘yes’.
Flavor: r-oldrel-macos-x86_64

Version: 0.2.7
Flags: --no-examples --no-tests --no-vignettes
Check: whether package can be installed
Result: WARN
    Found the following significant warnings:
     Note: possible error in 'simplify2array(msg, except = 0L)': unused argument (except = 0)
    See 'd:/Rcompile/CRANpkg/local/4.1/personalized.Rcheck/00install.out' for details.
    Information on the location(s) of code generating the 'Note's can be
    obtained by re-running with environment variable R_KEEP_PKG_SOURCE set
    to 'yes'.
Flavor: r-oldrel-windows-ix86+x86_64

Version: 0.2.7
Flags: --no-examples --no-tests --no-vignettes
Check: R code for possible problems
Result: NOTE
    xgb_cv_personalized: possible error in simplify2array(msg, except =
     0L): unused argument (except = 0)
Flavor: r-oldrel-windows-ix86+x86_64