CRAN Package Check Results for Package permGS

Last updated on 2022-12-05 09:51:26 CET.

Flavor Version Tinstall Tcheck Ttotal Status Flags
r-devel-linux-x86_64-debian-clang 0.2.5 9.65 91.41 101.06 NOTE
r-devel-linux-x86_64-debian-gcc 0.2.5 7.41 68.96 76.37 NOTE
r-devel-linux-x86_64-fedora-clang 0.2.5 132.10 NOTE
r-devel-linux-x86_64-fedora-gcc 0.2.5 129.51 NOTE
r-devel-windows-x86_64 0.2.5 17.00 116.00 133.00 NOTE
r-patched-linux-x86_64 0.2.5 11.04 85.58 96.62 NOTE
r-release-linux-x86_64 0.2.5 6.96 85.49 92.45 NOTE
r-release-macos-arm64 0.2.5 36.00 NOTE
r-release-macos-x86_64 0.2.5 65.00 NOTE
r-release-windows-x86_64 0.2.5 21.00 113.00 134.00 NOTE
r-oldrel-macos-arm64 0.2.5 40.00 NOTE
r-oldrel-macos-x86_64 0.2.5 66.00 NOTE
r-oldrel-windows-ix86+x86_64 0.2.5 19.00 113.00 132.00 NOTE

Check Details

Version: 0.2.5
Check: LazyData
Result: NOTE
     'LazyData' is specified without a 'data' directory
Flavors: r-devel-linux-x86_64-debian-clang, r-devel-linux-x86_64-debian-gcc, r-devel-linux-x86_64-fedora-clang, r-devel-linux-x86_64-fedora-gcc, r-devel-windows-x86_64, r-patched-linux-x86_64, r-release-linux-x86_64, r-release-macos-arm64, r-release-macos-x86_64, r-release-windows-x86_64, r-oldrel-macos-arm64, r-oldrel-macos-x86_64, r-oldrel-windows-ix86+x86_64