CRAN Package Check Results for Package pergola

Last updated on 2022-01-27 09:49:41 CET.

Flavor Version Tinstall Tcheck Ttotal Status Flags
r-devel-linux-x86_64-debian-clang 1.0 2.50 75.36 77.86 NOTE
r-devel-linux-x86_64-debian-gcc 1.0 2.45 56.55 59.00 NOTE
r-devel-linux-x86_64-fedora-clang 1.0 95.20 NOTE
r-devel-linux-x86_64-fedora-gcc 1.0 81.93 NOTE
r-devel-windows-x86_64-new-UL 1.0 33.00 106.00 139.00 NOTE
r-devel-windows-x86_64-new-TK 1.0 NOTE
r-patched-linux-x86_64 1.0 3.50 71.78 75.28 NOTE
r-release-linux-x86_64 1.0 2.86 72.23 75.09 NOTE
r-release-macos-arm64 1.0 NOTE
r-release-macos-x86_64 1.0 NOTE
r-release-windows-ix86+x86_64 1.0 8.00 86.00 94.00 NOTE
r-oldrel-macos-x86_64 1.0 NOTE
r-oldrel-windows-ix86+x86_64 1.0 7.00 86.00 93.00 NOTE

Check Details

Version: 1.0
Check: package dependencies
Result: NOTE
    Package suggested but not available for checking: 'dendextendRcpp'
Flavors: r-devel-linux-x86_64-debian-clang, r-devel-linux-x86_64-debian-gcc, r-devel-linux-x86_64-fedora-clang, r-devel-linux-x86_64-fedora-gcc, r-devel-windows-x86_64-new-UL, r-devel-windows-x86_64-new-TK, r-patched-linux-x86_64, r-release-linux-x86_64, r-release-macos-arm64, r-release-macos-x86_64, r-release-windows-ix86+x86_64, r-oldrel-macos-x86_64, r-oldrel-windows-ix86+x86_64