Last updated on 2023-05-31 09:56:47 CEST.
Flavor | Version | Tinstall | Tcheck | Ttotal | Status | Flags |
---|---|---|---|---|---|---|
r-devel-linux-x86_64-debian-clang | 1.3.2 | 13.51 | 138.96 | 152.47 | OK | |
r-devel-linux-x86_64-debian-gcc | 1.3.2 | 12.78 | 103.67 | 116.45 | OK | |
r-devel-linux-x86_64-fedora-clang | 1.3.2 | 192.24 | OK | |||
r-devel-linux-x86_64-fedora-gcc | 1.3.2 | 190.12 | OK | |||
r-devel-windows-x86_64 | 1.3.2 | 15.00 | 186.00 | 201.00 | OK | |
r-patched-linux-x86_64 | 1.3.2 | 19.04 | 129.04 | 148.08 | OK | |
r-release-linux-x86_64 | 1.3.2 | 12.42 | 128.52 | 140.94 | OK | |
r-release-macos-arm64 | 1.3.2 | 104.00 | NOTE | |||
r-release-macos-x86_64 | 1.3.2 | 197.00 | NOTE | |||
r-release-windows-x86_64 | 1.3.2 | 18.00 | 235.00 | 253.00 | OK | |
r-oldrel-macos-arm64 | 1.3.2 | 97.00 | NOTE | |||
r-oldrel-macos-x86_64 | 1.3.2 | 126.00 | NOTE | |||
r-oldrel-windows-x86_64 | 1.3.2 | 18.00 | 225.00 | 243.00 | OK |
Version: 1.3.2
Check: package dependencies
Result: NOTE
Package suggested but not available for checking: ‘ptmixed’
Flavors: r-release-macos-arm64, r-release-macos-x86_64, r-oldrel-macos-arm64, r-oldrel-macos-x86_64