CRAN Package Check Results for Package pedmod

Last updated on 2022-11-28 09:50:52 CET.

Flavor Version Tinstall Tcheck Ttotal Status Flags
r-devel-linux-x86_64-debian-clang 0.2.4 176.46 97.83 274.29 OK
r-devel-linux-x86_64-debian-gcc 0.2.4 139.83 74.33 214.16 OK
r-devel-linux-x86_64-fedora-clang 0.2.4 394.29 NOTE
r-devel-linux-x86_64-fedora-gcc 0.2.4 377.69 OK
r-devel-windows-x86_64 0.2.4 198.00 178.00 376.00 NOTE
r-patched-linux-x86_64 0.2.4 141.44 95.34 236.78 OK
r-release-linux-x86_64 0.2.4 115.40 95.46 210.86 OK
r-release-macos-arm64 0.2.4 99.00 NOTE
r-release-macos-x86_64 0.2.4 117.00 NOTE
r-release-windows-x86_64 0.2.4 254.00 177.00 431.00 NOTE
r-oldrel-macos-arm64 0.2.4 100.00 NOTE
r-oldrel-macos-x86_64 0.2.4 121.00 NOTE
r-oldrel-windows-ix86+x86_64 0.2.4 397.00 269.00 666.00 NOTE

Check Details

Version: 0.2.4
Check: installed package size
Result: NOTE
     installed size is 6.0Mb
     sub-directories of 1Mb or more:
     doc 4.0Mb
     libs 1.8Mb
Flavors: r-devel-linux-x86_64-fedora-clang, r-devel-windows-x86_64, r-release-macos-arm64, r-release-macos-x86_64, r-release-windows-x86_64, r-oldrel-macos-arm64, r-oldrel-macos-x86_64, r-oldrel-windows-ix86+x86_64