CRAN Package Check Results for Package pdp

Last updated on 2023-01-30 10:52:08 CET.

Flavor Version Tinstall Tcheck Ttotal Status Flags
r-devel-linux-x86_64-debian-clang 0.8.1 8.51 234.68 243.19 OK
r-devel-linux-x86_64-debian-gcc 0.8.1 5.48 241.98 247.46 OK
r-devel-linux-x86_64-fedora-clang 0.8.1 273.11 OK
r-devel-linux-x86_64-fedora-gcc 0.8.1 365.27 OK
r-devel-windows-x86_64 0.8.1 66.00 269.00 335.00 OK
r-patched-linux-x86_64 0.8.1 8.35 227.82 236.17 OK
r-release-linux-x86_64 0.8.1 8.47 247.85 256.32 OK
r-release-macos-arm64 0.8.1 101.00 OK
r-release-macos-x86_64 0.8.1 125.00 OK
r-release-windows-x86_64 0.8.1 90.00 288.00 378.00 OK
r-oldrel-macos-arm64 0.8.1 96.00 OK
r-oldrel-macos-x86_64 0.8.1 131.00 OK
r-oldrel-windows-ix86+x86_64 0.8.1 23.00 394.00 417.00 ERROR

Check Details

Version: 0.8.1
Check: running tests for arch ‘i386’
Result: ERROR
     Running 'tinytest.R' [137s]
    Running the tests in 'tests/tinytest.R' failed.
    Complete output:
     > # Run tests in local environment
     > if (requireNamespace("tinytest", quietly = TRUE)) {
     + home <- length(unclass(packageVersion("pdp"))[[1]]) == 4
     + tinytest::test_package("pdp", at_home = home)
     + }
    
     test_cats_argument.R.......... 0 tests
     test_cats_argument.R.......... 0 tests
     test_cats_argument.R.......... 0 tests
     test_cats_argument.R.......... 0 tests
     test_cats_argument.R.......... 0 tests
     test_cats_argument.R.......... 0 tests
     test_cats_argument.R.......... 0 tests
     test_cats_argument.R.......... 0 tests
     test_cats_argument.R.......... 4 tests <1b>[0;32mOK<1b>[0m randomForest 4.7-1.1
     Type rfNews() to see new features/changes/bug fixes.
    
     test_cats_argument.R.......... 5 tests <1b>[0;32mOK<1b>[0m <1b>[0;34m0.6s<1b>[0m
    
     test_exemplar.R............... 0 tests
     test_exemplar.R............... 0 tests
     test_exemplar.R............... 0 tests
     test_exemplar.R............... 1 tests <1b>[0;32mOK<1b>[0m <1b>[0;36m16ms<1b>[0m
    
     test_get_training_data.R...... 0 tests
     Attaching package: 'ggplot2'
    
     The following object is masked from 'package:randomForest':
    
     margin
    
    
     test_get_training_data.R...... 2 tests <1b>[0;32mOK<1b>[0m
     test_get_training_data.R...... 5 tests <1b>[0;32mOK<1b>[0m
     test_get_training_data.R...... 8 tests <1b>[0;32mOK<1b>[0m
     Attaching package: 'ranger'
    
     The following object is masked from 'package:randomForest':
    
     importance
    
    
     test_get_training_data.R...... 10 tests <1b>[0;32mOK<1b>[0m <1b>[0;34m5.9s<1b>[0m
    
     test_pkg_C50.R................ 0 tests
     test_pkg_C50.R................ 4 tests <1b>[0;32mOK<1b>[0m <1b>[0;34m0.2s<1b>[0m
    
     test_pkg_MASS.R............... 0 tests
     test_pkg_MASS.R............... 0 tests
     test_pkg_MASS.R............... 8 tests <1b>[0;32mOK<1b>[0m <1b>[0;34m2.9s<1b>[0m
    
     test_pkg_e1071.R.............. 0 tests
     test_pkg_e1071.R.............. 0 tests
     test_pkg_e1071.R.............. 0 tests
     test_pkg_e1071.R.............. 0 tests
     test_pkg_e1071.R.............. 8 tests <1b>[0;32mOK<1b>[0m <1b>[0;34m2.0s<1b>[0m
    
     Attaching package: 'zoo'
    
     The following objects are masked from 'package:base':
    
     as.Date, as.Date.numeric
    
    
     test_pkg_party.R.............. 12 tests <1b>[0;32mOK<1b>[0m <1b>[0;34m1.8s<1b>[0m
    
     test_pkg_ranger.R............. 0 tests
     test_pkg_ranger.R............. 0 tests
     test_pkg_ranger.R............. 0 tests <1b>[0;36m16ms<1b>[0m
    
     test_pkg_stats.R.............. 10 tests <1b>[0;32mOK<1b>[0m <1b>[0;34m2.5s<1b>[0m
    
     test_pkg_xgboost.R............ 0 tests
     test_pkg_xgboost.R............ 0 tests
     test_pkg_xgboost.R............ 0 tests
     test_pkg_xgboost.R............ 0 tests
     test_pkg_xgboost.R............ 0 tests
     test_pkg_xgboost.R............ 0 tests
     test_pkg_xgboost.R............ 12 tests <1b>[0;32mOK<1b>[0m <1b>[0;34m5.2s<1b>[0m
    
     test_pred_grid.R.............. 0 tests
     test_pred_grid.R.............. 0 tests
     test_pred_grid.R.............. 0 tests
     test_pred_grid.R.............. 0 tests
     test_pred_grid.R.............. 0 tests
     test_pred_grid.R.............. 1 tests <1b>[0;32mOK<1b>[0m
     test_pred_grid.R.............. 2 tests <1b>[0;32mOK<1b>[0m
     test_pred_grid.R.............. 3 tests <1b>[0;32mOK<1b>[0m
     test_pred_grid.R.............. 4 tests <1b>[0;32mOK<1b>[0m
     test_pred_grid.R.............. 5 tests <1b>[0;32mOK<1b>[0m
     test_pred_grid.R.............. 6 tests <1b>[0;32mOK<1b>[0m
     test_pred_grid.R.............. 6 tests <1b>[0;32mOK<1b>[0m
     test_pred_grid.R.............. 6 tests <1b>[0;32mOK<1b>[0m
     test_pred_grid.R.............. 7 tests <1b>[0;32mOK<1b>[0m <1b>[0;36m14ms<1b>[0m
    
     test_xgboost_pima.R........... 12 tests <1b>[0;32mOK<1b>[0m <1b>[0;34m9.0s<1b>[0m
     All ok, 89 results (2m 14.8s)
     Warning messages:
     1: In partial.default(fit4, pred.var = "x.4", prob = TRUE, ice = TRUE, :
     Centering may result in probabilities outside of [0, 1].
     2: glm.fit: algorithm did not converge
     3: glm.fit: fitted probabilities numerically 0 or 1 occurred
     4: In partial.default(fit2_glm, pred.var = "x.3", prob = TRUE, ice = TRUE, :
     Centering may result in probabilities outside of [0, 1].
     >
     > proc.time()
     user system elapsed
     134.62 1.45 136.56
Flavor: r-oldrel-windows-ix86+x86_64