CRAN Package Check Results for Package pda

Last updated on 2023-02-05 09:57:25 CET.

Flavor Version Tinstall Tcheck Ttotal Status Flags
r-devel-linux-x86_64-debian-clang 1.0-2 49.41 92.65 142.06 NOTE
r-devel-linux-x86_64-debian-gcc 1.0-2 37.98 66.13 104.11 NOTE
r-devel-linux-x86_64-fedora-clang 1.0-2 183.91 NOTE
r-devel-linux-x86_64-fedora-gcc 1.0-2 168.67 NOTE
r-devel-windows-x86_64 1.0-2 51.00 131.00 182.00 NOTE
r-patched-linux-x86_64 1.0-2 41.45 82.73 124.18 OK
r-release-linux-x86_64 1.0-2 41.48 86.05 127.53 OK
r-release-macos-arm64 1.0-2 49.00 OK
r-release-macos-x86_64 1.0-2 62.00 OK
r-release-windows-x86_64 1.0-2 47.00 132.00 179.00 OK
r-oldrel-macos-arm64 1.0-2 49.00 OK
r-oldrel-macos-x86_64 1.0-2 81.00 OK
r-oldrel-windows-ix86+x86_64 1.0-2 110.00 151.00 261.00 OK

Check Details

Version: 1.0-2
Check: C++ specification
Result: NOTE
     Specified C++11: please update to current default of C++17
Flavors: r-devel-linux-x86_64-debian-clang, r-devel-linux-x86_64-debian-gcc, r-devel-linux-x86_64-fedora-clang, r-devel-linux-x86_64-fedora-gcc, r-devel-windows-x86_64