Last updated on 2023-03-31 10:51:26 CEST.
Flavor | Version | Tinstall | Tcheck | Ttotal | Status | Flags |
---|---|---|---|---|---|---|
r-devel-linux-x86_64-debian-clang | 1.8 | 11.12 | 99.89 | 111.01 | OK | |
r-devel-linux-x86_64-debian-gcc | 1.8 | 6.78 | 74.98 | 81.76 | OK | |
r-devel-linux-x86_64-fedora-clang | 1.8 | 137.08 | NOTE | |||
r-devel-linux-x86_64-fedora-gcc | 1.8 | 132.24 | NOTE | |||
r-devel-windows-x86_64 | 1.8 | 28.00 | 0.00 | 28.00 | OK | |
r-patched-linux-x86_64 | 1.8 | 10.81 | 93.10 | 103.91 | OK | |
r-release-linux-x86_64 | 1.8 | 11.07 | 114.04 | 125.11 | OK | |
r-release-macos-arm64 | 1.8 | 61.00 | NOTE | |||
r-release-macos-x86_64 | 1.8 | 81.00 | NOTE | |||
r-release-windows-x86_64 | 1.8 | 27.00 | 139.00 | 166.00 | OK | |
r-oldrel-macos-arm64 | 1.8 | 60.00 | NOTE | |||
r-oldrel-macos-x86_64 | 1.8 | 81.00 | NOTE | |||
r-oldrel-windows-ix86+x86_64 | 1.8 | 29.00 | 133.00 | 162.00 | OK |
Version: 1.8
Check: dependencies in R code
Result: NOTE
Namespaces in Imports field not imported from:
‘car’ ‘sandwich’
All declared Imports should be used.
Flavors: r-devel-linux-x86_64-fedora-clang, r-devel-linux-x86_64-fedora-gcc, r-release-macos-arm64, r-release-macos-x86_64, r-oldrel-macos-arm64, r-oldrel-macos-x86_64