Last updated on 2023-03-24 10:54:15 CET.
Flavor | Version | Tinstall | Tcheck | Ttotal | Status | Flags |
---|---|---|---|---|---|---|
r-devel-linux-x86_64-debian-clang | 0.9.8 | 3.70 | 48.30 | 52.00 | OK | |
r-devel-linux-x86_64-debian-gcc | 0.9.8 | 2.97 | 37.97 | 40.94 | OK | |
r-devel-linux-x86_64-fedora-clang | 0.9.8 | 65.53 | NOTE | |||
r-devel-linux-x86_64-fedora-gcc | 0.9.8 | 73.24 | NOTE | |||
r-patched-linux-x86_64 | 0.9.8 | 3.78 | 47.79 | 51.57 | OK | |
r-release-linux-x86_64 | 0.9.8 | 4.04 | 48.07 | 52.11 | OK | |
r-release-macos-arm64 | 0.9.8 | 30.00 | OK | |||
r-release-macos-x86_64 | 0.9.8 | 41.00 | OK | |||
r-release-windows-x86_64 | 0.9.8 | 37.00 | 94.00 | 131.00 | OK | |
r-oldrel-macos-arm64 | 0.9.8 | 34.00 | OK | |||
r-oldrel-macos-x86_64 | 0.9.8 | 48.00 | OK | |||
r-oldrel-windows-ix86+x86_64 | 0.9.8 | 10.00 | 88.00 | 98.00 | NOTE |
Version: 0.9.8
Check: data for non-ASCII characters
Result: NOTE
Note: found 11 marked UTF-8 strings
Flavors: r-devel-linux-x86_64-fedora-clang, r-devel-linux-x86_64-fedora-gcc
Version: 0.9.8
Check: dependencies in R code
Result: NOTE
Initiating curl with CURL_SSL_BACKEND: openssl
Flavor: r-oldrel-windows-ix86+x86_64