CRAN Package Check Results for Package pbkrtest

Last updated on 2022-01-27 09:49:41 CET.

Flavor Version Tinstall Tcheck Ttotal Status Flags
r-devel-linux-x86_64-debian-clang 0.5.1 15.14 200.32 215.46 OK
r-devel-linux-x86_64-debian-gcc 0.5.1 10.06 148.24 158.30 OK
r-devel-linux-x86_64-fedora-clang 0.5.1 238.75 NOTE
r-devel-linux-x86_64-fedora-gcc 0.5.1 242.39 NOTE
r-devel-windows-x86_64-new-UL 0.5.1 56.00 223.00 279.00 OK
r-devel-windows-x86_64-new-TK 0.5.1 ERROR
r-patched-linux-x86_64 0.5.1 18.00 185.29 203.29 OK
r-release-linux-x86_64 0.5.1 9.97 181.77 191.74 OK
r-release-macos-arm64 0.5.1 NOTE
r-release-macos-x86_64 0.5.1 NOTE
r-release-windows-ix86+x86_64 0.5.1 28.00 211.00 239.00 OK
r-oldrel-macos-x86_64 0.5.1 NOTE
r-oldrel-windows-ix86+x86_64 0.5.1 29.00 211.00 240.00 OK

Check Details

Version: 0.5.1
Check: dependencies in R code
Result: NOTE
    Namespace in Imports field not imported from: ‘knitr’
     All declared Imports should be used.
Flavors: r-devel-linux-x86_64-fedora-clang, r-devel-linux-x86_64-fedora-gcc, r-release-macos-arm64, r-release-macos-x86_64, r-oldrel-macos-x86_64

Version: 0.5.1
Check: package dependencies
Result: ERROR
    Package required but not available: 'lme4'
    
    See section 'The DESCRIPTION file' in the 'Writing R Extensions'
    manual.
Flavor: r-devel-windows-x86_64-new-TK