CRAN Package Check Results for Package pbixr

Last updated on 2023-01-29 11:07:42 CET.

Flavor Version Tinstall Tcheck Ttotal Status Flags
r-devel-linux-x86_64-debian-clang 0.1.4 6.96 62.44 69.40 NOTE
r-devel-linux-x86_64-debian-gcc 0.1.4 4.72 46.59 51.31 NOTE
r-devel-linux-x86_64-fedora-clang 0.1.4 89.01 NOTE
r-devel-linux-x86_64-fedora-gcc 0.1.4 92.79 NOTE
r-devel-windows-x86_64 0.1.4 20.00 96.00 116.00 NOTE
r-patched-linux-x86_64 0.1.4 5.55 60.25 65.80 NOTE
r-release-linux-x86_64 0.1.4 5.46 60.85 66.31 NOTE
r-release-macos-arm64 0.1.4 29.00 NOTE
r-release-macos-x86_64 0.1.4 49.00 NOTE
r-release-windows-x86_64 0.1.4 10.00 93.00 103.00 NOTE
r-oldrel-macos-arm64 0.1.4 39.00 NOTE
r-oldrel-macos-x86_64 0.1.4 51.00 NOTE
r-oldrel-windows-ix86+x86_64 0.1.4 15.00 87.00 102.00 NOTE

Check Details

Version: 0.1.4
Check: LazyData
Result: NOTE
     'LazyData' is specified without a 'data' directory
Flavors: r-devel-linux-x86_64-debian-clang, r-devel-linux-x86_64-debian-gcc, r-devel-linux-x86_64-fedora-clang, r-devel-linux-x86_64-fedora-gcc, r-devel-windows-x86_64, r-patched-linux-x86_64, r-release-linux-x86_64, r-release-macos-arm64, r-release-macos-x86_64, r-release-windows-x86_64, r-oldrel-macos-arm64, r-oldrel-macos-x86_64, r-oldrel-windows-ix86+x86_64