CRAN Package Check Results for Package patientProfilesVis

Last updated on 2022-12-02 10:51:33 CET.

Flavor Version Tinstall Tcheck Ttotal Status Flags
r-devel-linux-x86_64-debian-clang 2.0.5 10.23 229.17 239.40 OK
r-devel-linux-x86_64-debian-gcc 2.0.5 8.87 167.51 176.38 OK
r-devel-linux-x86_64-fedora-clang 2.0.5 294.68 NOTE
r-devel-linux-x86_64-fedora-gcc 2.0.5 282.98 OK
r-devel-windows-x86_64 2.0.5 166.00 276.00 442.00 NOTE
r-patched-linux-x86_64 2.0.5 15.06 210.79 225.85 OK
r-release-linux-x86_64 2.0.5 7.39 208.41 215.80 OK
r-release-macos-arm64 2.0.5 113.00 NOTE
r-release-macos-x86_64 2.0.5 115.00 NOTE
r-release-windows-x86_64 2.0.5 17.00 279.00 296.00 NOTE
r-oldrel-macos-arm64 2.0.5 87.00 NOTE
r-oldrel-macos-x86_64 2.0.5 119.00 NOTE
r-oldrel-windows-ix86+x86_64 2.0.5 23.00 272.00 295.00 NOTE

Check Details

Version: 2.0.5
Check: installed package size
Result: NOTE
     installed size is 5.5Mb
     sub-directories of 1Mb or more:
     doc 5.1Mb
Flavors: r-devel-linux-x86_64-fedora-clang, r-devel-windows-x86_64, r-release-macos-arm64, r-release-macos-x86_64, r-release-windows-x86_64, r-oldrel-macos-arm64, r-oldrel-macos-x86_64, r-oldrel-windows-ix86+x86_64