Last updated on 2023-03-30 09:55:18 CEST.
Flavor | Version | Tinstall | Tcheck | Ttotal | Status | Flags |
---|---|---|---|---|---|---|
r-devel-linux-x86_64-debian-clang | 0.4.1 | 65.77 | 33.44 | 99.21 | NOTE | |
r-devel-linux-x86_64-debian-gcc | 0.4.1 | 55.10 | 26.40 | 81.50 | NOTE | |
r-devel-linux-x86_64-fedora-clang | 0.4.1 | 145.83 | NOTE | |||
r-devel-linux-x86_64-fedora-gcc | 0.4.1 | 147.33 | NOTE | |||
r-devel-windows-x86_64 | 0.4.1 | 66.00 | 0.00 | 66.00 | NOTE | |
r-patched-linux-x86_64 | 0.4.1 | 60.27 | 32.49 | 92.76 | NOTE | |
r-release-linux-x86_64 | 0.4.1 | 59.64 | 33.42 | 93.06 | OK | |
r-release-macos-arm64 | 0.4.1 | 35.00 | OK | |||
r-release-macos-x86_64 | 0.4.1 | 49.00 | OK | |||
r-release-windows-x86_64 | 0.4.1 | 63.00 | 92.00 | 155.00 | OK | |
r-oldrel-macos-arm64 | 0.4.1 | 39.00 | NOTE | |||
r-oldrel-macos-x86_64 | 0.4.1 | 50.00 | OK | |||
r-oldrel-windows-ix86+x86_64 | 0.4.1 | 156.00 | 92.00 | 248.00 | OK |
Version: 0.4.1
Check: C++ specification
Result: NOTE
Specified C++11: please drop specification unless essential
Flavors: r-devel-linux-x86_64-debian-clang, r-devel-linux-x86_64-debian-gcc, r-devel-linux-x86_64-fedora-clang, r-devel-linux-x86_64-fedora-gcc, r-devel-windows-x86_64, r-patched-linux-x86_64
Version: 0.4.1
Check: installed package size
Result: NOTE
installed size is 5.0Mb
sub-directories of 1Mb or more:
doc 1.2Mb
libs 3.7Mb
Flavor: r-oldrel-macos-arm64