CRAN Package Check Results for Package partools

Last updated on 2022-12-08 10:53:27 CET.

Flavor Version Tinstall Tcheck Ttotal Status Flags
r-devel-linux-x86_64-debian-clang 1.1.6 13.16 121.91 135.07 NOTE
r-devel-linux-x86_64-debian-gcc 1.1.6 10.63 94.92 105.55 NOTE
r-devel-linux-x86_64-fedora-clang 1.1.6 190.23 NOTE
r-devel-linux-x86_64-fedora-gcc 1.1.6 182.86 NOTE
r-devel-windows-x86_64 1.1.6 28.00 172.00 200.00 OK
r-patched-linux-x86_64 1.1.6 13.06 113.82 126.88 NOTE
r-release-linux-x86_64 1.1.6 13.24 116.16 129.40 NOTE
r-release-macos-arm64 1.1.6 29.00 OK
r-release-macos-x86_64 1.1.6 97.00 OK
r-release-windows-x86_64 1.1.6 30.00 175.00 205.00 OK
r-oldrel-macos-arm64 1.1.6 35.00 OK
r-oldrel-macos-x86_64 1.1.6 50.00 OK
r-oldrel-windows-ix86+x86_64 1.1.6 30.00 154.00 184.00 OK

Check Details

Version: 1.1.6
Check: for non-standard things in the check directory
Result: NOTE
    Found the following files/directories:
     'co2' 'co2.1' 'co2.2' 'co2s.1' 'co2s.2' 'ctm.1' 'ctm.2' 'm' 'm.1'
     'm.2' 'test' 'test.1' 'test.2' 'testa.1' 'testa.2' 'xfile.1'
     'xfile.2'
Flavors: r-devel-linux-x86_64-debian-clang, r-devel-linux-x86_64-debian-gcc, r-devel-linux-x86_64-fedora-clang, r-devel-linux-x86_64-fedora-gcc, r-patched-linux-x86_64, r-release-linux-x86_64