CRAN Package Check Results for Package parsermd

Last updated on 2024-02-28 10:14:09 CET.

Flavor Version Tinstall Tcheck Ttotal Status Flags
r-devel-linux-x86_64-debian-clang 0.1.3 52.89 69.23 122.12 OK
r-devel-linux-x86_64-debian-gcc 0.1.3 41.53 52.28 93.81 OK
r-devel-linux-x86_64-fedora-clang 0.1.3 158.91 OK
r-devel-linux-x86_64-fedora-gcc 0.1.3 168.43 OK
r-devel-windows-x86_64 0.1.3 39.00 95.00 134.00 OK
r-patched-linux-x86_64 0.1.3 36.30 65.92 102.22 OK
r-release-linux-x86_64 0.1.3 44.36 66.28 110.64 OK
r-release-macos-arm64 0.1.3 54.00 NOTE
r-release-macos-x86_64 0.1.3 99.00 NOTE
r-release-windows-x86_64 0.1.3 50.00 116.00 166.00 OK
r-oldrel-macos-arm64 0.1.3 52.00 NOTE
r-oldrel-windows-x86_64 0.1.3 50.00 98.00 148.00 OK

Check Details

Version: 0.1.3
Check: installed package size
Result: NOTE installed size is 7.2Mb sub-directories of 1Mb or more: libs 6.8Mb Flavors: r-release-macos-arm64, r-release-macos-x86_64, r-oldrel-macos-arm64