CRAN Package Check Results for Package parlitools

Last updated on 2023-03-21 10:52:21 CET.

Flavor Version Tinstall Tcheck Ttotal Status Flags
r-devel-linux-x86_64-debian-clang 0.4.1 10.56 95.60 106.16 OK
r-devel-linux-x86_64-debian-gcc 0.4.1 9.57 71.51 81.08 OK
r-devel-linux-x86_64-fedora-clang 0.4.1 131.70 NOTE
r-devel-linux-x86_64-fedora-gcc 0.4.1 130.84 NOTE
r-patched-linux-x86_64 0.4.1 9.78 91.87 101.65 OK
r-release-linux-x86_64 0.4.1 11.19 92.39 103.58 OK
r-release-macos-arm64 0.4.1 28.00 NOTE
r-release-macos-x86_64 0.4.1 71.00 NOTE
r-release-windows-x86_64 0.4.1 35.00 125.00 160.00 OK
r-oldrel-macos-arm64 0.4.1 55.00 NOTE
r-oldrel-macos-x86_64 0.4.1 61.00 NOTE
r-oldrel-windows-ix86+x86_64 0.4.1 23.00 118.00 141.00 OK

Check Details

Version: 0.4.1
Check: data for non-ASCII characters
Result: NOTE
     Note: found 16 marked UTF-8 strings
Flavors: r-devel-linux-x86_64-fedora-clang, r-devel-linux-x86_64-fedora-gcc, r-release-macos-arm64, r-release-macos-x86_64, r-oldrel-macos-arm64, r-oldrel-macos-x86_64