CRAN Package Check Results for Package parallelDist

Last updated on 2022-12-08 10:53:27 CET.

Flavor Version Tinstall Tcheck Ttotal Status Flags
r-devel-linux-x86_64-debian-clang 0.2.6 74.28 134.37 208.65 OK
r-devel-linux-x86_64-debian-gcc 0.2.6 52.05 94.79 146.84 OK
r-devel-linux-x86_64-fedora-clang 0.2.6 292.28 OK
r-devel-linux-x86_64-fedora-gcc 0.2.6 271.16 OK
r-devel-windows-x86_64 0.2.6 73.00 199.00 272.00 OK
r-patched-linux-x86_64 0.2.6 58.17 121.15 179.32 OK
r-release-linux-x86_64 0.2.6 64.73 118.99 183.72 OK
r-release-macos-arm64 0.2.6 64.00 OK
r-release-macos-x86_64 0.2.6 84.00 OK
r-release-windows-x86_64 0.2.6 67.00 207.00 274.00 OK
r-oldrel-macos-arm64 0.2.6 64.00 NOTE
r-oldrel-macos-x86_64 0.2.6 104.00 OK
r-oldrel-windows-ix86+x86_64 0.2.6 180.00 277.00 457.00 OK

Check Details

Version: 0.2.6
Check: installed package size
Result: NOTE
     installed size is 5.4Mb
     sub-directories of 1Mb or more:
     libs 5.1Mb
Flavor: r-oldrel-macos-arm64