CRAN Package Check Results for Package paleobioDB

Last updated on 2022-01-24 10:52:06 CET.

Flavor Version Tinstall Tcheck Ttotal Status Flags
r-devel-linux-x86_64-debian-clang 0.7.0 23.49 234.40 257.89 NOTE
r-devel-linux-x86_64-debian-gcc 0.7.0 21.27 171.80 193.07 NOTE
r-devel-linux-x86_64-fedora-clang 0.7.0 307.57 NOTE
r-devel-linux-x86_64-fedora-gcc 0.7.0 317.53 NOTE
r-devel-windows-x86_64-new-UL 0.7.0 103.00 224.00 327.00 NOTE
r-devel-windows-x86_64-new-TK 0.7.0 NOTE
r-patched-linux-x86_64 0.7.0 33.92 223.63 257.55 NOTE
r-release-linux-x86_64 0.7.0 20.87 221.99 242.86 NOTE
r-release-macos-arm64 0.7.0 NOTE
r-release-macos-x86_64 0.7.0 NOTE
r-release-windows-ix86+x86_64 0.7.0 57.00 243.00 300.00 NOTE
r-oldrel-macos-x86_64 0.7.0 OK
r-oldrel-windows-ix86+x86_64 0.7.0 61.00 254.00 315.00 OK

Check Details

Version: 0.7.0
Check: LazyData
Result: NOTE
     'LazyData' is specified without a 'data' directory
Flavors: r-devel-linux-x86_64-debian-clang, r-devel-linux-x86_64-debian-gcc, r-devel-linux-x86_64-fedora-clang, r-devel-linux-x86_64-fedora-gcc, r-devel-windows-x86_64-new-UL, r-devel-windows-x86_64-new-TK, r-patched-linux-x86_64, r-release-linux-x86_64, r-release-macos-arm64, r-release-macos-x86_64, r-release-windows-ix86+x86_64