CRAN Package Check Results for Package paleoTS

Last updated on 2021-12-01 09:54:36 CET.

Flavor Version Tinstall Tcheck Ttotal Status Flags
r-devel-linux-x86_64-debian-clang 0.5.2 5.93 56.49 62.42 OK
r-devel-linux-x86_64-debian-gcc 0.5.2 3.60 45.91 49.51 OK
r-devel-linux-x86_64-fedora-clang 0.5.2 85.91 NOTE
r-devel-linux-x86_64-fedora-gcc 0.5.2 74.61 NOTE
r-devel-windows-x86_64-new-UL 0.5.2 15.00 94.00 109.00 OK
r-devel-windows-x86_64-new-TK 0.5.2 NOTE
r-devel-windows-x86_64-old 0.5.2 10.00 53.00 63.00 OK
r-patched-linux-x86_64 0.5.2 8.76 53.64 62.40 OK
r-patched-solaris-x86 0.5.2 93.30 NOTE
r-release-linux-x86_64 0.5.2 6.21 53.56 59.77 OK
r-release-macos-arm64 0.5.2 NOTE
r-release-macos-x86_64 0.5.2 NOTE
r-release-windows-ix86+x86_64 0.5.2 11.00 55.00 66.00 OK
r-oldrel-macos-x86_64 0.5.2 NOTE
r-oldrel-windows-ix86+x86_64 0.5.2 7.00 74.00 81.00 OK

Check Details

Version: 0.5.2
Check: dependencies in R code
Result: NOTE
    Namespace in Imports field not imported from: ‘iterators’
     All declared Imports should be used.
Flavors: r-devel-linux-x86_64-fedora-clang, r-devel-linux-x86_64-fedora-gcc, r-devel-windows-x86_64-new-TK, r-patched-solaris-x86, r-release-macos-arm64, r-release-macos-x86_64, r-oldrel-macos-x86_64