CRAN Package Check Results for Package pacotest

Last updated on 2022-12-09 10:00:29 CET.

Flavor Version Tinstall Tcheck Ttotal Status Flags
r-devel-linux-x86_64-debian-clang 0.4.2 120.65 166.46 287.11 OK
r-devel-linux-x86_64-debian-gcc 0.4.2 91.91 125.30 217.21 OK
r-devel-linux-x86_64-fedora-clang 0.4.2 400.53 OK
r-devel-linux-x86_64-fedora-gcc 0.4.2 371.07 OK
r-devel-windows-x86_64 0.4.2 114.00 252.00 366.00 OK
r-patched-linux-x86_64 0.4.2 101.62 158.88 260.50 OK
r-release-linux-x86_64 0.4.2 99.05 160.83 259.88 OK
r-release-macos-arm64 0.4.2 96.00 NOTE
r-release-macos-x86_64 0.4.2 122.00 NOTE
r-release-windows-x86_64 0.4.2 110.00 223.00 333.00 OK
r-oldrel-macos-arm64 0.4.2 99.00 NOTE
r-oldrel-macos-x86_64 0.4.2 126.00 NOTE
r-oldrel-windows-ix86+x86_64 0.4.2 290.00 367.00 657.00 OK

Check Details

Version: 0.4.2
Check: installed package size
Result: NOTE
     installed size is 5.9Mb
     sub-directories of 1Mb or more:
     libs 5.6Mb
Flavors: r-release-macos-arm64, r-release-macos-x86_64, r-oldrel-macos-arm64, r-oldrel-macos-x86_64