Last updated on 2023-02-04 10:54:42 CET.
Flavor | Version | Tinstall | Tcheck | Ttotal | Status | Flags |
---|---|---|---|---|---|---|
r-devel-linux-x86_64-debian-clang | 0.5.1 | 3.43 | 35.72 | 39.15 | OK | |
r-devel-linux-x86_64-debian-gcc | 0.5.1 | 3.36 | 27.19 | 30.55 | OK | |
r-devel-linux-x86_64-fedora-clang | 0.5.1 | 50.27 | NOTE | |||
r-devel-linux-x86_64-fedora-gcc | 0.5.1 | 51.09 | OK | |||
r-devel-windows-x86_64 | 0.5.1 | 69.00 | 78.00 | 147.00 | OK | |
r-patched-linux-x86_64 | 0.5.1 | 4.65 | 35.55 | 40.20 | OK | |
r-release-linux-x86_64 | 0.5.1 | 3.10 | 37.70 | 40.80 | OK | |
r-release-macos-arm64 | 0.5.1 | 20.00 | OK | |||
r-release-macos-x86_64 | 0.5.1 | 27.00 | OK | |||
r-release-windows-x86_64 | 0.5.1 | 49.00 | 88.00 | 137.00 | OK | |
r-oldrel-macos-arm64 | 0.5.1 | 27.00 | OK | |||
r-oldrel-macos-x86_64 | 0.5.1 | 40.00 | OK | |||
r-oldrel-windows-ix86+x86_64 | 0.5.1 | 8.00 | 70.00 | 78.00 | OK |
Version: 0.5.1
Check: Rd cross-references
Result: NOTE
Undeclared package ‘devtools’ in Rd xrefs
Flavor: r-devel-linux-x86_64-fedora-clang