Last updated on 2023-03-21 10:52:20 CET.
Flavor | Version | Tinstall | Tcheck | Ttotal | Status | Flags |
---|---|---|---|---|---|---|
r-devel-linux-x86_64-debian-clang | 0.1.3 | 6.74 | 46.77 | 53.51 | NOTE | |
r-devel-linux-x86_64-debian-gcc | 0.1.3 | 4.14 | 36.42 | 40.56 | NOTE | |
r-devel-linux-x86_64-fedora-clang | 0.1.3 | 70.35 | NOTE | |||
r-devel-linux-x86_64-fedora-gcc | 0.1.3 | 64.01 | NOTE | |||
r-patched-linux-x86_64 | 0.1.3 | 6.56 | 45.49 | 52.05 | OK | |
r-release-linux-x86_64 | 0.1.3 | 5.50 | 45.53 | 51.03 | OK | |
r-release-macos-arm64 | 0.1.3 | 24.00 | OK | |||
r-release-macos-x86_64 | 0.1.3 | 31.00 | OK | |||
r-release-windows-x86_64 | 0.1.3 | 73.00 | 83.00 | 156.00 | OK | |
r-oldrel-macos-arm64 | 0.1.3 | 22.00 | OK | |||
r-oldrel-macos-x86_64 | 0.1.3 | 34.00 | OK | |||
r-oldrel-windows-ix86+x86_64 | 0.1.3 | 14.00 | 77.00 | 91.00 | OK |
Version: 0.1.3
Check: package subdirectories
Result: NOTE
Problems with news in ‘NEWS.md’:
Cannot extract version info from the following section titles:
Changes
Flavors: r-devel-linux-x86_64-debian-clang, r-devel-linux-x86_64-debian-gcc, r-devel-linux-x86_64-fedora-clang, r-devel-linux-x86_64-fedora-gcc