CRAN Package Check Results for Package osmdata

Last updated on 2022-12-01 09:55:15 CET.

Flavor Version Tinstall Tcheck Ttotal Status Flags
r-devel-linux-x86_64-debian-clang 0.1.10 82.49 90.12 172.61 OK
r-devel-linux-x86_64-debian-gcc 0.1.10 72.63 68.70 141.33 OK
r-devel-linux-x86_64-fedora-clang 0.1.10 269.50 NOTE
r-devel-linux-x86_64-fedora-gcc 0.1.10 264.58 OK
r-devel-windows-x86_64 0.1.10 122.00 166.00 288.00 NOTE
r-patched-linux-x86_64 0.1.10 71.73 84.95 156.68 OK
r-release-linux-x86_64 0.1.10 75.96 82.21 158.17 OK
r-release-macos-arm64 0.1.10 71.00 NOTE
r-release-macos-x86_64 0.1.10 89.00 NOTE
r-release-windows-x86_64 0.1.10 127.00 169.00 296.00 NOTE
r-oldrel-macos-arm64 0.1.10 68.00 NOTE
r-oldrel-macos-x86_64 0.1.10 87.00 NOTE
r-oldrel-windows-ix86+x86_64 0.1.10 188.00 537.00 725.00 NOTE

Check Details

Version: 0.1.10
Check: installed package size
Result: NOTE
     installed size is 5.9Mb
     sub-directories of 1Mb or more:
     doc 4.8Mb
Flavors: r-devel-linux-x86_64-fedora-clang, r-devel-windows-x86_64, r-release-macos-arm64, r-release-macos-x86_64, r-release-windows-x86_64, r-oldrel-macos-arm64, r-oldrel-macos-x86_64, r-oldrel-windows-ix86+x86_64