CRAN Package Check Results for Package optiSolve

Last updated on 2022-10-06 10:53:11 CEST.

Flavor Version Tinstall Tcheck Ttotal Status Flags
r-devel-linux-x86_64-debian-clang 1.0 11.39 101.45 112.84 OK
r-devel-linux-x86_64-debian-gcc 1.0 8.41 75.15 83.56 OK
r-devel-linux-x86_64-fedora-clang 1.0 144.45 NOTE
r-devel-linux-x86_64-fedora-gcc 1.0 140.44 NOTE
r-devel-windows-x86_64 1.0 22.00 118.00 140.00 OK
r-patched-linux-x86_64 1.0 7.44 97.44 104.88 OK
r-release-linux-x86_64 1.0 7.41 96.68 104.09 OK
r-release-macos-arm64 1.0 44.00 NOTE
r-release-macos-x86_64 1.0 73.00 NOTE
r-release-windows-x86_64 1.0 23.00 117.00 140.00 OK
r-oldrel-macos-arm64 1.0 54.00 NOTE
r-oldrel-macos-x86_64 1.0 55.00 NOTE
r-oldrel-windows-ix86+x86_64 1.0 21.00 118.00 139.00 OK

Check Details

Version: 1.0
Check: dependencies in R code
Result: NOTE
    Namespace in Imports field not imported from: ‘Matrix’
     All declared Imports should be used.
Flavors: r-devel-linux-x86_64-fedora-clang, r-devel-linux-x86_64-fedora-gcc, r-release-macos-arm64, r-release-macos-x86_64, r-oldrel-macos-arm64, r-oldrel-macos-x86_64