CRAN Package Check Results for Package optiSel

Last updated on 2022-11-29 09:52:21 CET.

Flavor Version Tinstall Tcheck Ttotal Status Flags
r-devel-linux-x86_64-debian-clang 2.0.5 168.48 279.66 448.14 OK
r-devel-linux-x86_64-debian-gcc 2.0.5 137.36 210.47 347.83 OK
r-devel-linux-x86_64-fedora-clang 2.0.5 625.38 NOTE
r-devel-linux-x86_64-fedora-gcc 2.0.5 568.14 OK
r-devel-windows-x86_64 2.0.5 161.00 330.00 491.00 OK
r-patched-linux-x86_64 2.0.5 153.54 266.81 420.35 OK
r-release-linux-x86_64 2.0.5 144.97 258.11 403.08 OK
r-release-macos-arm64 2.0.5 144.00 NOTE
r-release-macos-x86_64 2.0.5 229.00 NOTE
r-release-windows-x86_64 2.0.5 171.00 342.00 513.00 OK
r-oldrel-macos-arm64 2.0.5 180.00 NOTE
r-oldrel-macos-x86_64 2.0.5 292.00 NOTE
r-oldrel-windows-ix86+x86_64 2.0.5 420.00 405.00 825.00 NOTE

Additional issues

M1mac

Check Details

Version: 2.0.5
Check: Rd cross-references
Result: NOTE
    Undeclared packages ‘alabama’, ‘cccp’, ‘nloptr’ in Rd xrefs
Flavor: r-devel-linux-x86_64-fedora-clang

Version: 2.0.5
Check: installed package size
Result: NOTE
     installed size is 6.2Mb
     sub-directories of 1Mb or more:
     extdata 1.8Mb
     libs 3.4Mb
Flavors: r-release-macos-arm64, r-release-macos-x86_64, r-oldrel-macos-arm64, r-oldrel-macos-x86_64, r-oldrel-windows-ix86+x86_64