CRAN Package Check Results for Package openmetrics

Last updated on 2024-07-19 10:56:52 CEST.

Flavor Version Tinstall Tcheck Ttotal Status Flags
r-devel-linux-x86_64-debian-clang 0.3.0 6.81 26.34 33.15 NOTE
r-devel-linux-x86_64-debian-gcc 0.3.0 6.43 20.53 26.96 NOTE
r-devel-linux-x86_64-fedora-clang 0.3.0 46.02 NOTE
r-devel-linux-x86_64-fedora-gcc 0.3.0 40.82 NOTE
r-devel-windows-x86_64 0.3.0 7.00 43.00 50.00 NOTE
r-patched-linux-x86_64 0.3.0 6.82 26.37 33.19 NOTE
r-release-linux-x86_64 0.3.0 7.82 26.04 33.86 NOTE
r-release-macos-arm64 0.3.0 18.00 NOTE
r-release-macos-x86_64 0.3.0 24.00 NOTE
r-release-windows-x86_64 0.3.0 6.00 43.00 49.00 NOTE
r-oldrel-macos-arm64 0.3.0 19.00 NOTE
r-oldrel-macos-x86_64 0.3.0 24.00 NOTE
r-oldrel-windows-x86_64 0.3.0 6.00 54.00 60.00 NOTE

Check Details

Version: 0.3.0
Check: LazyData
Result: NOTE 'LazyData' is specified without a 'data' directory Flavors: r-devel-linux-x86_64-debian-clang, r-devel-linux-x86_64-debian-gcc, r-devel-linux-x86_64-fedora-clang, r-devel-linux-x86_64-fedora-gcc, r-devel-windows-x86_64, r-patched-linux-x86_64, r-release-linux-x86_64, r-release-macos-arm64, r-release-macos-x86_64, r-release-windows-x86_64, r-oldrel-macos-arm64, r-oldrel-macos-x86_64, r-oldrel-windows-x86_64

Version: 0.3.0
Check: dependencies in R code
Result: NOTE Namespace in Imports field not imported from: ‘R6’ All declared Imports should be used. Flavors: r-devel-linux-x86_64-fedora-clang, r-devel-linux-x86_64-fedora-gcc